{"id":4922,"date":"2025-07-22T18:42:09","date_gmt":"2025-07-22T16:42:09","guid":{"rendered":"https:\/\/lescretes.it\/vini\/pinot-noir\/"},"modified":"2026-03-06T17:08:34","modified_gmt":"2026-03-06T16:08:34","slug":"pinot-noir","status":"publish","type":"wine","link":"https:\/\/lescretes.it\/fr\/vins\/rouge\/pinot-noir\/","title":{"rendered":"Pinot Noir"},"content":{"rendered":"","protected":false},"excerpt":{"rendered":"","protected":false},"featured_media":2419,"template":"","meta":{"_acf_changed":true},"wine_type":[114],"class_list":["post-4922","wine","type-wine","status-publish","has-post-thumbnail","hentry","wine_type-rouge"],"acf":[],"yoast_head":"<!-- This site is optimized with the Yoast SEO plugin v27.5 - https:\/\/yoast.com\/product\/yoast-seo-wordpress\/ -->\n<title>Pinot Noir Les Cr\u00eates | Vin rouge de montagne \u00e9l\u00e9gant<\/title>\n<meta name=\"description\" content=\"Pinot Noir Les Cr\u00eates : un rouge valdotain \u00e9l\u00e9gant et frais. Vinifi\u00e9 en acier, il offre un fruit complexe et croquant, avec une couleur lumineuse.\" \/>\n<meta name=\"robots\" content=\"index, follow, max-snippet:-1, max-image-preview:large, max-video-preview:-1\" \/>\n<link rel=\"canonical\" href=\"https:\/\/lescretes.it\/fr\/vins\/rouge\/pinot-noir\/\" \/>\n<meta property=\"og:locale\" content=\"fr_FR\" \/>\n<meta property=\"og:type\" content=\"article\" \/>\n<meta property=\"og:title\" content=\"Pinot Noir Les Cr\u00eates | Vin rouge de montagne \u00e9l\u00e9gant\" \/>\n<meta property=\"og:description\" content=\"Pinot Noir Les Cr\u00eates : un rouge valdotain \u00e9l\u00e9gant et frais. Vinifi\u00e9 en acier, il offre un fruit complexe et croquant, avec une couleur lumineuse.\" \/>\n<meta property=\"og:url\" content=\"https:\/\/lescretes.it\/fr\/vins\/rouge\/pinot-noir\/\" \/>\n<meta property=\"og:site_name\" content=\"Les Cr\u00eates\" \/>\n<meta property=\"article:publisher\" content=\"https:\/\/www.facebook.com\/lescretes\" \/>\n<meta property=\"article:modified_time\" content=\"2026-03-06T16:08:34+00:00\" \/>\n<meta property=\"og:image\" content=\"https:\/\/lescretes.it\/wp-content\/uploads\/2025\/08\/wines-les-cretes.jpg\" \/>\n\t<meta property=\"og:image:width\" content=\"1200\" \/>\n\t<meta property=\"og:image:height\" content=\"664\" \/>\n\t<meta property=\"og:image:type\" content=\"image\/jpeg\" \/>\n<meta name=\"twitter:card\" content=\"summary_large_image\" \/>\n<meta name=\"twitter:label1\" content=\"Dur\u00e9e de lecture estim\u00e9e\" \/>\n\t<meta name=\"twitter:data1\" content=\"4 minutes\" \/>\n<script type=\"application\/ld+json\" class=\"yoast-schema-graph\">{\"@context\":\"https:\\\/\\\/schema.org\",\"@graph\":[{\"@type\":\"WebPage\",\"@id\":\"https:\\\/\\\/lescretes.it\\\/fr\\\/vins\\\/rouge\\\/pinot-noir\\\/\",\"url\":\"https:\\\/\\\/lescretes.it\\\/fr\\\/vins\\\/rouge\\\/pinot-noir\\\/\",\"name\":\"Pinot Noir Les Cr\u00eates | Vin rouge de montagne \u00e9l\u00e9gant\",\"isPartOf\":{\"@id\":\"https:\\\/\\\/lescretes.it\\\/fr\\\/#website\"},\"primaryImageOfPage\":{\"@id\":\"https:\\\/\\\/lescretes.it\\\/fr\\\/vins\\\/rouge\\\/pinot-noir\\\/#primaryimage\"},\"image\":{\"@id\":\"https:\\\/\\\/lescretes.it\\\/fr\\\/vins\\\/rouge\\\/pinot-noir\\\/#primaryimage\"},\"thumbnailUrl\":\"https:\\\/\\\/lescretes.it\\\/wp-content\\\/uploads\\\/2025\\\/07\\\/pinot_nero.avif\",\"datePublished\":\"2025-07-22T16:42:09+00:00\",\"dateModified\":\"2026-03-06T16:08:34+00:00\",\"description\":\"Pinot Noir Les Cr\u00eates : un rouge valdotain \u00e9l\u00e9gant et frais. Vinifi\u00e9 en acier, il offre un fruit complexe et croquant, avec une couleur lumineuse.\",\"breadcrumb\":{\"@id\":\"https:\\\/\\\/lescretes.it\\\/fr\\\/vins\\\/rouge\\\/pinot-noir\\\/#breadcrumb\"},\"inLanguage\":\"fr-FR\",\"potentialAction\":[{\"@type\":\"ReadAction\",\"target\":[\"https:\\\/\\\/lescretes.it\\\/fr\\\/vins\\\/rouge\\\/pinot-noir\\\/\"]}]},{\"@type\":\"ImageObject\",\"inLanguage\":\"fr-FR\",\"@id\":\"https:\\\/\\\/lescretes.it\\\/fr\\\/vins\\\/rouge\\\/pinot-noir\\\/#primaryimage\",\"url\":\"https:\\\/\\\/lescretes.it\\\/wp-content\\\/uploads\\\/2025\\\/07\\\/pinot_nero.avif\",\"contentUrl\":\"https:\\\/\\\/lescretes.it\\\/wp-content\\\/uploads\\\/2025\\\/07\\\/pinot_nero.avif\",\"width\":400,\"height\":1609},{\"@type\":\"BreadcrumbList\",\"@id\":\"https:\\\/\\\/lescretes.it\\\/fr\\\/vins\\\/rouge\\\/pinot-noir\\\/#breadcrumb\",\"itemListElement\":[{\"@type\":\"ListItem\",\"position\":1,\"name\":\"Accueil\",\"item\":\"https:\\\/\\\/lescretes.it\\\/fr\\\/\"},{\"@type\":\"ListItem\",\"position\":2,\"name\":\"Pinot Noir\"}]},{\"@type\":\"WebSite\",\"@id\":\"https:\\\/\\\/lescretes.it\\\/fr\\\/#website\",\"url\":\"https:\\\/\\\/lescretes.it\\\/fr\\\/\",\"name\":\"Les Cr\u00eates\",\"description\":\"\",\"publisher\":{\"@id\":\"https:\\\/\\\/lescretes.it\\\/fr\\\/#organization\"},\"potentialAction\":[{\"@type\":\"SearchAction\",\"target\":{\"@type\":\"EntryPoint\",\"urlTemplate\":\"https:\\\/\\\/lescretes.it\\\/fr\\\/?s={search_term_string}\"},\"query-input\":{\"@type\":\"PropertyValueSpecification\",\"valueRequired\":true,\"valueName\":\"search_term_string\"}}],\"inLanguage\":\"fr-FR\"},{\"@type\":\"Organization\",\"@id\":\"https:\\\/\\\/lescretes.it\\\/fr\\\/#organization\",\"name\":\"Societa' Agricola Les Cretes Di Charrere E C. S.S.\",\"alternateName\":\"Les Cr\u00eates\",\"url\":\"https:\\\/\\\/lescretes.it\\\/fr\\\/\",\"logo\":{\"@type\":\"ImageObject\",\"inLanguage\":\"fr-FR\",\"@id\":\"https:\\\/\\\/lescretes.it\\\/fr\\\/#\\\/schema\\\/logo\\\/image\\\/\",\"url\":\"https:\\\/\\\/lescretes.it\\\/wp-content\\\/uploads\\\/2025\\\/08\\\/logo-les-cretes.png\",\"contentUrl\":\"https:\\\/\\\/lescretes.it\\\/wp-content\\\/uploads\\\/2025\\\/08\\\/logo-les-cretes.png\",\"width\":696,\"height\":696,\"caption\":\"Societa' Agricola Les Cretes Di Charrere E C. S.S.\"},\"image\":{\"@id\":\"https:\\\/\\\/lescretes.it\\\/fr\\\/#\\\/schema\\\/logo\\\/image\\\/\"},\"sameAs\":[\"https:\\\/\\\/www.facebook.com\\\/lescretes\",\"https:\\\/\\\/www.instagram.com\\\/les.cretes\\\/\"]}]}<\/script>\n<!-- \/ Yoast SEO plugin. -->","yoast_head_json":{"title":"Pinot Noir Les Cr\u00eates | Vin rouge de montagne \u00e9l\u00e9gant","description":"Pinot Noir Les Cr\u00eates : un rouge valdotain \u00e9l\u00e9gant et frais. Vinifi\u00e9 en acier, il offre un fruit complexe et croquant, avec une couleur lumineuse.","robots":{"index":"index","follow":"follow","max-snippet":"max-snippet:-1","max-image-preview":"max-image-preview:large","max-video-preview":"max-video-preview:-1"},"canonical":"https:\/\/lescretes.it\/fr\/vins\/rouge\/pinot-noir\/","og_locale":"fr_FR","og_type":"article","og_title":"Pinot Noir Les Cr\u00eates | Vin rouge de montagne \u00e9l\u00e9gant","og_description":"Pinot Noir Les Cr\u00eates : un rouge valdotain \u00e9l\u00e9gant et frais. Vinifi\u00e9 en acier, il offre un fruit complexe et croquant, avec une couleur lumineuse.","og_url":"https:\/\/lescretes.it\/fr\/vins\/rouge\/pinot-noir\/","og_site_name":"Les Cr\u00eates","article_publisher":"https:\/\/www.facebook.com\/lescretes","article_modified_time":"2026-03-06T16:08:34+00:00","og_image":[{"width":1200,"height":664,"url":"https:\/\/lescretes.it\/wp-content\/uploads\/2025\/08\/wines-les-cretes.jpg","type":"image\/jpeg"}],"twitter_card":"summary_large_image","twitter_misc":{"Dur\u00e9e de lecture estim\u00e9e":"4 minutes"},"schema":{"@context":"https:\/\/schema.org","@graph":[{"@type":"WebPage","@id":"https:\/\/lescretes.it\/fr\/vins\/rouge\/pinot-noir\/","url":"https:\/\/lescretes.it\/fr\/vins\/rouge\/pinot-noir\/","name":"Pinot Noir Les Cr\u00eates | Vin rouge de montagne \u00e9l\u00e9gant","isPartOf":{"@id":"https:\/\/lescretes.it\/fr\/#website"},"primaryImageOfPage":{"@id":"https:\/\/lescretes.it\/fr\/vins\/rouge\/pinot-noir\/#primaryimage"},"image":{"@id":"https:\/\/lescretes.it\/fr\/vins\/rouge\/pinot-noir\/#primaryimage"},"thumbnailUrl":"https:\/\/lescretes.it\/wp-content\/uploads\/2025\/07\/pinot_nero.avif","datePublished":"2025-07-22T16:42:09+00:00","dateModified":"2026-03-06T16:08:34+00:00","description":"Pinot Noir Les Cr\u00eates : un rouge valdotain \u00e9l\u00e9gant et frais. Vinifi\u00e9 en acier, il offre un fruit complexe et croquant, avec une couleur lumineuse.","breadcrumb":{"@id":"https:\/\/lescretes.it\/fr\/vins\/rouge\/pinot-noir\/#breadcrumb"},"inLanguage":"fr-FR","potentialAction":[{"@type":"ReadAction","target":["https:\/\/lescretes.it\/fr\/vins\/rouge\/pinot-noir\/"]}]},{"@type":"ImageObject","inLanguage":"fr-FR","@id":"https:\/\/lescretes.it\/fr\/vins\/rouge\/pinot-noir\/#primaryimage","url":"https:\/\/lescretes.it\/wp-content\/uploads\/2025\/07\/pinot_nero.avif","contentUrl":"https:\/\/lescretes.it\/wp-content\/uploads\/2025\/07\/pinot_nero.avif","width":400,"height":1609},{"@type":"BreadcrumbList","@id":"https:\/\/lescretes.it\/fr\/vins\/rouge\/pinot-noir\/#breadcrumb","itemListElement":[{"@type":"ListItem","position":1,"name":"Accueil","item":"https:\/\/lescretes.it\/fr\/"},{"@type":"ListItem","position":2,"name":"Pinot Noir"}]},{"@type":"WebSite","@id":"https:\/\/lescretes.it\/fr\/#website","url":"https:\/\/lescretes.it\/fr\/","name":"Les Cr\u00eates","description":"","publisher":{"@id":"https:\/\/lescretes.it\/fr\/#organization"},"potentialAction":[{"@type":"SearchAction","target":{"@type":"EntryPoint","urlTemplate":"https:\/\/lescretes.it\/fr\/?s={search_term_string}"},"query-input":{"@type":"PropertyValueSpecification","valueRequired":true,"valueName":"search_term_string"}}],"inLanguage":"fr-FR"},{"@type":"Organization","@id":"https:\/\/lescretes.it\/fr\/#organization","name":"Societa' Agricola Les Cretes Di Charrere E C. S.S.","alternateName":"Les Cr\u00eates","url":"https:\/\/lescretes.it\/fr\/","logo":{"@type":"ImageObject","inLanguage":"fr-FR","@id":"https:\/\/lescretes.it\/fr\/#\/schema\/logo\/image\/","url":"https:\/\/lescretes.it\/wp-content\/uploads\/2025\/08\/logo-les-cretes.png","contentUrl":"https:\/\/lescretes.it\/wp-content\/uploads\/2025\/08\/logo-les-cretes.png","width":696,"height":696,"caption":"Societa' Agricola Les Cretes Di Charrere E C. S.S."},"image":{"@id":"https:\/\/lescretes.it\/fr\/#\/schema\/logo\/image\/"},"sameAs":["https:\/\/www.facebook.com\/lescretes","https:\/\/www.instagram.com\/les.cretes\/"]}]}},"_links":{"self":[{"href":"https:\/\/lescretes.it\/fr\/wp-json\/wp\/v2\/wine\/4922","targetHints":{"allow":["GET"]}}],"collection":[{"href":"https:\/\/lescretes.it\/fr\/wp-json\/wp\/v2\/wine"}],"about":[{"href":"https:\/\/lescretes.it\/fr\/wp-json\/wp\/v2\/types\/wine"}],"wp:featuredmedia":[{"embeddable":true,"href":"https:\/\/lescretes.it\/fr\/wp-json\/wp\/v2\/media\/2419"}],"wp:attachment":[{"href":"https:\/\/lescretes.it\/fr\/wp-json\/wp\/v2\/media?parent=4922"}],"wp:term":[{"taxonomy":"wine_type","embeddable":true,"href":"https:\/\/lescretes.it\/fr\/wp-json\/wp\/v2\/wine_type?post=4922"}],"curies":[{"name":"wp","href":"https:\/\/api.w.org\/{rel}","templated":true}]}}

<!-- This site is optimized with the Yoast SEO plugin v27.5 - https://yoast.com/product/yoast-seo-wordpress/ -->
<title>Pinot Noir Les Crêtes | Vin rouge de montagne élégant</title>
<meta name="description" content="Pinot Noir Les Crêtes : un rouge valdotain élégant et frais. Vinifié en acier, il offre un fruit complexe et croquant, avec une couleur lumineuse." />
<meta name="robots" content="index, follow, max-snippet:-1, max-image-preview:large, max-video-preview:-1" />
<link rel="canonical" href="https://lescretes.it/fr/vins/rouge/pinot-noir/" />
<meta property="og:locale" content="fr_FR" />
<meta property="og:type" content="article" />
<meta property="og:title" content="Pinot Noir Les Crêtes | Vin rouge de montagne élégant" />
<meta property="og:description" content="Pinot Noir Les Crêtes : un rouge valdotain élégant et frais. Vinifié en acier, il offre un fruit complexe et croquant, avec une couleur lumineuse." />
<meta property="og:url" content="https://lescretes.it/fr/vins/rouge/pinot-noir/" />
<meta property="og:site_name" content="Les Crêtes" />
<meta property="article:publisher" content="https://www.facebook.com/lescretes" />
<meta property="article:modified_time" content="2026-03-06T16:08:34+00:00" />
<meta property="og:image" content="https://lescretes.it/wp-content/uploads/2025/08/wines-les-cretes.jpg" />
	<meta property="og:image:width" content="1200" />
	<meta property="og:image:height" content="664" />
	<meta property="og:image:type" content="image/jpeg" />
<meta name="twitter:card" content="summary_large_image" />
<meta name="twitter:label1" content="Durée de lecture estimée" />
	<meta name="twitter:data1" content="4 minutes" />
<script type="application/ld+json" class="yoast-schema-graph">{"@context":"https:\/\/schema.org","@graph":[{"@type":"WebPage","@id":"https:\/\/lescretes.it\/fr\/vins\/rouge\/pinot-noir\/","url":"https:\/\/lescretes.it\/fr\/vins\/rouge\/pinot-noir\/","name":"Pinot Noir Les Crêtes | Vin rouge de montagne élégant","isPartOf":{"@id":"https:\/\/lescretes.it\/fr\/#website"},"primaryImageOfPage":{"@id":"https:\/\/lescretes.it\/fr\/vins\/rouge\/pinot-noir\/#primaryimage"},"image":{"@id":"https:\/\/lescretes.it\/fr\/vins\/rouge\/pinot-noir\/#primaryimage"},"thumbnailUrl":"https:\/\/lescretes.it\/wp-content\/uploads\/2025\/07\/pinot_nero.avif","datePublished":"2025-07-22T16:42:09+00:00","dateModified":"2026-03-06T16:08:34+00:00","description":"Pinot Noir Les Crêtes : un rouge valdotain élégant et frais. Vinifié en acier, il offre un fruit complexe et croquant, avec une couleur lumineuse.","breadcrumb":{"@id":"https:\/\/lescretes.it\/fr\/vins\/rouge\/pinot-noir\/#breadcrumb"},"inLanguage":"fr-FR","potentialAction":[{"@type":"ReadAction","target":["https:\/\/lescretes.it\/fr\/vins\/rouge\/pinot-noir\/"]}]},{"@type":"ImageObject","inLanguage":"fr-FR","@id":"https:\/\/lescretes.it\/fr\/vins\/rouge\/pinot-noir\/#primaryimage","url":"https:\/\/lescretes.it\/wp-content\/uploads\/2025\/07\/pinot_nero.avif","contentUrl":"https:\/\/lescretes.it\/wp-content\/uploads\/2025\/07\/pinot_nero.avif","width":400,"height":1609},{"@type":"BreadcrumbList","@id":"https:\/\/lescretes.it\/fr\/vins\/rouge\/pinot-noir\/#breadcrumb","itemListElement":[{"@type":"ListItem","position":1,"name":"Accueil","item":"https:\/\/lescretes.it\/fr\/"},{"@type":"ListItem","position":2,"name":"Pinot Noir"}]},{"@type":"WebSite","@id":"https:\/\/lescretes.it\/fr\/#website","url":"https:\/\/lescretes.it\/fr\/","name":"Les Crêtes","description":"","publisher":{"@id":"https:\/\/lescretes.it\/fr\/#organization"},"potentialAction":[{"@type":"SearchAction","target":{"@type":"EntryPoint","urlTemplate":"https:\/\/lescretes.it\/fr\/?s={search_term_string}"},"query-input":{"@type":"PropertyValueSpecification","valueRequired":true,"valueName":"search_term_string"}}],"inLanguage":"fr-FR"},{"@type":"Organization","@id":"https:\/\/lescretes.it\/fr\/#organization","name":"Societa' Agricola Les Cretes Di Charrere E C. S.S.","alternateName":"Les Crêtes","url":"https:\/\/lescretes.it\/fr\/","logo":{"@type":"ImageObject","inLanguage":"fr-FR","@id":"https:\/\/lescretes.it\/fr\/#\/schema\/logo\/image\/","url":"https:\/\/lescretes.it\/wp-content\/uploads\/2025\/08\/logo-les-cretes.png","contentUrl":"https:\/\/lescretes.it\/wp-content\/uploads\/2025\/08\/logo-les-cretes.png","width":696,"height":696,"caption":"Societa' Agricola Les Cretes Di Charrere E C. S.S."},"image":{"@id":"https:\/\/lescretes.it\/fr\/#\/schema\/logo\/image\/"},"sameAs":["https:\/\/www.facebook.com\/lescretes","https:\/\/www.instagram.com\/les.cretes\/"]}]}</script>
<!-- / Yoast SEO plugin. -->

Pinot Noir Les Crêtes | Vin rouge de montagne élégant

Pinot Noir Les Crêtes : un rouge valdotain élégant et frais. Vinifié en acier, il offre un fruit complexe et croquant, avec une couleur lumineuse.

Les Crêtes
