{"id":3578,"date":"2025-07-21T15:18:55","date_gmt":"2025-07-21T13:18:55","guid":{"rendered":"https:\/\/lescretes.it\/the-charrere-family\/"},"modified":"2025-07-21T15:18:55","modified_gmt":"2025-07-21T13:18:55","slug":"the-charrere-family","status":"publish","type":"page","link":"https:\/\/lescretes.it\/en\/the-charrere-family\/","title":{"rendered":"The Charr\u00e8re Family"},"content":{"rendered":"","protected":false},"excerpt":{"rendered":"","protected":false},"author":1,"featured_media":2782,"parent":0,"menu_order":0,"comment_status":"closed","ping_status":"closed","template":"templates\/family.php","meta":{"_acf_changed":false,"footnotes":""},"class_list":["post-3578","page","type-page","status-publish","has-post-thumbnail","hentry"],"acf":[],"yoast_head":"<!-- This site is optimized with the Yoast SEO plugin v27.4 - https:\/\/yoast.com\/product\/yoast-seo-wordpress\/ -->\n<title>Charr\u00e8re family | Les Cr\u00eates, mountain wines since 1750<\/title>\n<meta name=\"description\" content=\"The story of Les Cr\u00eates: from Charr\u00e8re to quality wine. Six generations of passion and innovation that tell the story of the Aosta Valley.\" \/>\n<meta name=\"robots\" content=\"index, follow, max-snippet:-1, max-image-preview:large, max-video-preview:-1\" \/>\n<link rel=\"canonical\" href=\"https:\/\/lescretes.it\/en\/the-charrere-family\/\" \/>\n<meta property=\"og:locale\" content=\"en_US\" \/>\n<meta property=\"og:type\" content=\"article\" \/>\n<meta property=\"og:title\" content=\"Charr\u00e8re family | Les Cr\u00eates, mountain wines since 1750\" \/>\n<meta property=\"og:description\" content=\"The story of Les Cr\u00eates: from Charr\u00e8re to quality wine. Six generations of passion and innovation that tell the story of the Aosta Valley.\" \/>\n<meta property=\"og:url\" content=\"https:\/\/lescretes.it\/en\/the-charrere-family\/\" \/>\n<meta property=\"og:site_name\" content=\"Les Cr\u00eates\" \/>\n<meta property=\"article:publisher\" content=\"https:\/\/www.facebook.com\/lescretes\" \/>\n<meta property=\"og:image\" content=\"https:\/\/lescretes.it\/wp-content\/uploads\/2025\/08\/02.jpg\" \/>\n\t<meta property=\"og:image:width\" content=\"1131\" \/>\n\t<meta property=\"og:image:height\" content=\"975\" \/>\n\t<meta property=\"og:image:type\" content=\"image\/jpeg\" \/>\n<meta name=\"twitter:card\" content=\"summary_large_image\" \/>\n<script type=\"application\/ld+json\" class=\"yoast-schema-graph\">{\"@context\":\"https:\\\/\\\/schema.org\",\"@graph\":[{\"@type\":\"WebPage\",\"@id\":\"https:\\\/\\\/lescretes.it\\\/en\\\/the-charrere-family\\\/\",\"url\":\"https:\\\/\\\/lescretes.it\\\/en\\\/the-charrere-family\\\/\",\"name\":\"Charr\u00e8re family | Les Cr\u00eates, mountain wines since 1750\",\"isPartOf\":{\"@id\":\"https:\\\/\\\/lescretes.it\\\/en\\\/#website\"},\"primaryImageOfPage\":{\"@id\":\"https:\\\/\\\/lescretes.it\\\/en\\\/the-charrere-family\\\/#primaryimage\"},\"image\":{\"@id\":\"https:\\\/\\\/lescretes.it\\\/en\\\/the-charrere-family\\\/#primaryimage\"},\"thumbnailUrl\":\"https:\\\/\\\/lescretes.it\\\/wp-content\\\/uploads\\\/2025\\\/08\\\/02.jpg\",\"datePublished\":\"2025-07-21T13:18:55+00:00\",\"description\":\"The story of Les Cr\u00eates: from Charr\u00e8re to quality wine. Six generations of passion and innovation that tell the story of the Aosta Valley.\",\"breadcrumb\":{\"@id\":\"https:\\\/\\\/lescretes.it\\\/en\\\/the-charrere-family\\\/#breadcrumb\"},\"inLanguage\":\"en-US\",\"potentialAction\":[{\"@type\":\"ReadAction\",\"target\":[\"https:\\\/\\\/lescretes.it\\\/en\\\/the-charrere-family\\\/\"]}]},{\"@type\":\"ImageObject\",\"inLanguage\":\"en-US\",\"@id\":\"https:\\\/\\\/lescretes.it\\\/en\\\/the-charrere-family\\\/#primaryimage\",\"url\":\"https:\\\/\\\/lescretes.it\\\/wp-content\\\/uploads\\\/2025\\\/08\\\/02.jpg\",\"contentUrl\":\"https:\\\/\\\/lescretes.it\\\/wp-content\\\/uploads\\\/2025\\\/08\\\/02.jpg\",\"width\":1131,\"height\":975},{\"@type\":\"BreadcrumbList\",\"@id\":\"https:\\\/\\\/lescretes.it\\\/en\\\/the-charrere-family\\\/#breadcrumb\",\"itemListElement\":[{\"@type\":\"ListItem\",\"position\":1,\"name\":\"Home\",\"item\":\"https:\\\/\\\/lescretes.it\\\/en\\\/\"},{\"@type\":\"ListItem\",\"position\":2,\"name\":\"The Charr\u00e8re Family\"}]},{\"@type\":\"WebSite\",\"@id\":\"https:\\\/\\\/lescretes.it\\\/en\\\/#website\",\"url\":\"https:\\\/\\\/lescretes.it\\\/en\\\/\",\"name\":\"Les Cr\u00eates\",\"description\":\"\",\"publisher\":{\"@id\":\"https:\\\/\\\/lescretes.it\\\/en\\\/#organization\"},\"potentialAction\":[{\"@type\":\"SearchAction\",\"target\":{\"@type\":\"EntryPoint\",\"urlTemplate\":\"https:\\\/\\\/lescretes.it\\\/en\\\/?s={search_term_string}\"},\"query-input\":{\"@type\":\"PropertyValueSpecification\",\"valueRequired\":true,\"valueName\":\"search_term_string\"}}],\"inLanguage\":\"en-US\"},{\"@type\":\"Organization\",\"@id\":\"https:\\\/\\\/lescretes.it\\\/en\\\/#organization\",\"name\":\"Societa' Agricola Les Cretes Di Charrere E C. S.S.\",\"alternateName\":\"Les Cr\u00eates\",\"url\":\"https:\\\/\\\/lescretes.it\\\/en\\\/\",\"logo\":{\"@type\":\"ImageObject\",\"inLanguage\":\"en-US\",\"@id\":\"https:\\\/\\\/lescretes.it\\\/en\\\/#\\\/schema\\\/logo\\\/image\\\/\",\"url\":\"https:\\\/\\\/lescretes.it\\\/wp-content\\\/uploads\\\/2025\\\/08\\\/logo-les-cretes.png\",\"contentUrl\":\"https:\\\/\\\/lescretes.it\\\/wp-content\\\/uploads\\\/2025\\\/08\\\/logo-les-cretes.png\",\"width\":696,\"height\":696,\"caption\":\"Societa' Agricola Les Cretes Di Charrere E C. S.S.\"},\"image\":{\"@id\":\"https:\\\/\\\/lescretes.it\\\/en\\\/#\\\/schema\\\/logo\\\/image\\\/\"},\"sameAs\":[\"https:\\\/\\\/www.facebook.com\\\/lescretes\",\"https:\\\/\\\/www.instagram.com\\\/les.cretes\\\/\"]}]}<\/script>\n<!-- \/ Yoast SEO plugin. -->","yoast_head_json":{"title":"Charr\u00e8re family | Les Cr\u00eates, mountain wines since 1750","description":"The story of Les Cr\u00eates: from Charr\u00e8re to quality wine. Six generations of passion and innovation that tell the story of the Aosta Valley.","robots":{"index":"index","follow":"follow","max-snippet":"max-snippet:-1","max-image-preview":"max-image-preview:large","max-video-preview":"max-video-preview:-1"},"canonical":"https:\/\/lescretes.it\/en\/the-charrere-family\/","og_locale":"en_US","og_type":"article","og_title":"Charr\u00e8re family | Les Cr\u00eates, mountain wines since 1750","og_description":"The story of Les Cr\u00eates: from Charr\u00e8re to quality wine. Six generations of passion and innovation that tell the story of the Aosta Valley.","og_url":"https:\/\/lescretes.it\/en\/the-charrere-family\/","og_site_name":"Les Cr\u00eates","article_publisher":"https:\/\/www.facebook.com\/lescretes","og_image":[{"width":1131,"height":975,"url":"https:\/\/lescretes.it\/wp-content\/uploads\/2025\/08\/02.jpg","type":"image\/jpeg"}],"twitter_card":"summary_large_image","schema":{"@context":"https:\/\/schema.org","@graph":[{"@type":"WebPage","@id":"https:\/\/lescretes.it\/en\/the-charrere-family\/","url":"https:\/\/lescretes.it\/en\/the-charrere-family\/","name":"Charr\u00e8re family | Les Cr\u00eates, mountain wines since 1750","isPartOf":{"@id":"https:\/\/lescretes.it\/en\/#website"},"primaryImageOfPage":{"@id":"https:\/\/lescretes.it\/en\/the-charrere-family\/#primaryimage"},"image":{"@id":"https:\/\/lescretes.it\/en\/the-charrere-family\/#primaryimage"},"thumbnailUrl":"https:\/\/lescretes.it\/wp-content\/uploads\/2025\/08\/02.jpg","datePublished":"2025-07-21T13:18:55+00:00","description":"The story of Les Cr\u00eates: from Charr\u00e8re to quality wine. Six generations of passion and innovation that tell the story of the Aosta Valley.","breadcrumb":{"@id":"https:\/\/lescretes.it\/en\/the-charrere-family\/#breadcrumb"},"inLanguage":"en-US","potentialAction":[{"@type":"ReadAction","target":["https:\/\/lescretes.it\/en\/the-charrere-family\/"]}]},{"@type":"ImageObject","inLanguage":"en-US","@id":"https:\/\/lescretes.it\/en\/the-charrere-family\/#primaryimage","url":"https:\/\/lescretes.it\/wp-content\/uploads\/2025\/08\/02.jpg","contentUrl":"https:\/\/lescretes.it\/wp-content\/uploads\/2025\/08\/02.jpg","width":1131,"height":975},{"@type":"BreadcrumbList","@id":"https:\/\/lescretes.it\/en\/the-charrere-family\/#breadcrumb","itemListElement":[{"@type":"ListItem","position":1,"name":"Home","item":"https:\/\/lescretes.it\/en\/"},{"@type":"ListItem","position":2,"name":"The Charr\u00e8re Family"}]},{"@type":"WebSite","@id":"https:\/\/lescretes.it\/en\/#website","url":"https:\/\/lescretes.it\/en\/","name":"Les Cr\u00eates","description":"","publisher":{"@id":"https:\/\/lescretes.it\/en\/#organization"},"potentialAction":[{"@type":"SearchAction","target":{"@type":"EntryPoint","urlTemplate":"https:\/\/lescretes.it\/en\/?s={search_term_string}"},"query-input":{"@type":"PropertyValueSpecification","valueRequired":true,"valueName":"search_term_string"}}],"inLanguage":"en-US"},{"@type":"Organization","@id":"https:\/\/lescretes.it\/en\/#organization","name":"Societa' Agricola Les Cretes Di Charrere E C. S.S.","alternateName":"Les Cr\u00eates","url":"https:\/\/lescretes.it\/en\/","logo":{"@type":"ImageObject","inLanguage":"en-US","@id":"https:\/\/lescretes.it\/en\/#\/schema\/logo\/image\/","url":"https:\/\/lescretes.it\/wp-content\/uploads\/2025\/08\/logo-les-cretes.png","contentUrl":"https:\/\/lescretes.it\/wp-content\/uploads\/2025\/08\/logo-les-cretes.png","width":696,"height":696,"caption":"Societa' Agricola Les Cretes Di Charrere E C. S.S."},"image":{"@id":"https:\/\/lescretes.it\/en\/#\/schema\/logo\/image\/"},"sameAs":["https:\/\/www.facebook.com\/lescretes","https:\/\/www.instagram.com\/les.cretes\/"]}]}},"_links":{"self":[{"href":"https:\/\/lescretes.it\/en\/wp-json\/wp\/v2\/pages\/3578","targetHints":{"allow":["GET"]}}],"collection":[{"href":"https:\/\/lescretes.it\/en\/wp-json\/wp\/v2\/pages"}],"about":[{"href":"https:\/\/lescretes.it\/en\/wp-json\/wp\/v2\/types\/page"}],"author":[{"embeddable":true,"href":"https:\/\/lescretes.it\/en\/wp-json\/wp\/v2\/users\/1"}],"replies":[{"embeddable":true,"href":"https:\/\/lescretes.it\/en\/wp-json\/wp\/v2\/comments?post=3578"}],"version-history":[{"count":0,"href":"https:\/\/lescretes.it\/en\/wp-json\/wp\/v2\/pages\/3578\/revisions"}],"wp:featuredmedia":[{"embeddable":true,"href":"https:\/\/lescretes.it\/en\/wp-json\/wp\/v2\/media\/2782"}],"wp:attachment":[{"href":"https:\/\/lescretes.it\/en\/wp-json\/wp\/v2\/media?parent=3578"}],"curies":[{"name":"wp","href":"https:\/\/api.w.org\/{rel}","templated":true}]}}

The Charrère Family

<!-- This site is optimized with the Yoast SEO plugin v27.4 - https://yoast.com/product/yoast-seo-wordpress/ -->
<title>Charrère family | Les Crêtes, mountain wines since 1750</title>
<meta name="description" content="The story of Les Crêtes: from Charrère to quality wine. Six generations of passion and innovation that tell the story of the Aosta Valley." />
<meta name="robots" content="index, follow, max-snippet:-1, max-image-preview:large, max-video-preview:-1" />
<link rel="canonical" href="https://lescretes.it/en/the-charrere-family/" />
<meta property="og:locale" content="en_US" />
<meta property="og:type" content="article" />
<meta property="og:title" content="Charrère family | Les Crêtes, mountain wines since 1750" />
<meta property="og:description" content="The story of Les Crêtes: from Charrère to quality wine. Six generations of passion and innovation that tell the story of the Aosta Valley." />
<meta property="og:url" content="https://lescretes.it/en/the-charrere-family/" />
<meta property="og:site_name" content="Les Crêtes" />
<meta property="article:publisher" content="https://www.facebook.com/lescretes" />
<meta property="og:image" content="https://lescretes.it/wp-content/uploads/2025/08/02.jpg" />
	<meta property="og:image:width" content="1131" />
	<meta property="og:image:height" content="975" />
	<meta property="og:image:type" content="image/jpeg" />
<meta name="twitter:card" content="summary_large_image" />
<script type="application/ld+json" class="yoast-schema-graph">{"@context":"https:\/\/schema.org","@graph":[{"@type":"WebPage","@id":"https:\/\/lescretes.it\/en\/the-charrere-family\/","url":"https:\/\/lescretes.it\/en\/the-charrere-family\/","name":"Charrère family | Les Crêtes, mountain wines since 1750","isPartOf":{"@id":"https:\/\/lescretes.it\/en\/#website"},"primaryImageOfPage":{"@id":"https:\/\/lescretes.it\/en\/the-charrere-family\/#primaryimage"},"image":{"@id":"https:\/\/lescretes.it\/en\/the-charrere-family\/#primaryimage"},"thumbnailUrl":"https:\/\/lescretes.it\/wp-content\/uploads\/2025\/08\/02.jpg","datePublished":"2025-07-21T13:18:55+00:00","description":"The story of Les Crêtes: from Charrère to quality wine. Six generations of passion and innovation that tell the story of the Aosta Valley.","breadcrumb":{"@id":"https:\/\/lescretes.it\/en\/the-charrere-family\/#breadcrumb"},"inLanguage":"en-US","potentialAction":[{"@type":"ReadAction","target":["https:\/\/lescretes.it\/en\/the-charrere-family\/"]}]},{"@type":"ImageObject","inLanguage":"en-US","@id":"https:\/\/lescretes.it\/en\/the-charrere-family\/#primaryimage","url":"https:\/\/lescretes.it\/wp-content\/uploads\/2025\/08\/02.jpg","contentUrl":"https:\/\/lescretes.it\/wp-content\/uploads\/2025\/08\/02.jpg","width":1131,"height":975},{"@type":"BreadcrumbList","@id":"https:\/\/lescretes.it\/en\/the-charrere-family\/#breadcrumb","itemListElement":[{"@type":"ListItem","position":1,"name":"Home","item":"https:\/\/lescretes.it\/en\/"},{"@type":"ListItem","position":2,"name":"The Charrère Family"}]},{"@type":"WebSite","@id":"https:\/\/lescretes.it\/en\/#website","url":"https:\/\/lescretes.it\/en\/","name":"Les Crêtes","description":"","publisher":{"@id":"https:\/\/lescretes.it\/en\/#organization"},"potentialAction":[{"@type":"SearchAction","target":{"@type":"EntryPoint","urlTemplate":"https:\/\/lescretes.it\/en\/?s={search_term_string}"},"query-input":{"@type":"PropertyValueSpecification","valueRequired":true,"valueName":"search_term_string"}}],"inLanguage":"en-US"},{"@type":"Organization","@id":"https:\/\/lescretes.it\/en\/#organization","name":"Societa' Agricola Les Cretes Di Charrere E C. S.S.","alternateName":"Les Crêtes","url":"https:\/\/lescretes.it\/en\/","logo":{"@type":"ImageObject","inLanguage":"en-US","@id":"https:\/\/lescretes.it\/en\/#\/schema\/logo\/image\/","url":"https:\/\/lescretes.it\/wp-content\/uploads\/2025\/08\/logo-les-cretes.png","contentUrl":"https:\/\/lescretes.it\/wp-content\/uploads\/2025\/08\/logo-les-cretes.png","width":696,"height":696,"caption":"Societa' Agricola Les Cretes Di Charrere E C. S.S."},"image":{"@id":"https:\/\/lescretes.it\/en\/#\/schema\/logo\/image\/"},"sameAs":["https:\/\/www.facebook.com\/lescretes","https:\/\/www.instagram.com\/les.cretes\/"]}]}</script>
<!-- / Yoast SEO plugin. -->

Charrère family | Les Crêtes, mountain wines since 1750

The story of Les Crêtes: from Charrère to quality wine. Six generations of passion and innovation that tell the story of the Aosta Valley.

Les Crêtes
