{"id":4934,"date":"2025-06-17T15:02:49","date_gmt":"2025-06-17T13:02:49","guid":{"rendered":"https:\/\/lescretes.it\/vini\/chardonnay-cuvee-bois\/"},"modified":"2026-03-06T17:23:43","modified_gmt":"2026-03-06T16:23:43","slug":"chardonnay-cuvee-bois","status":"publish","type":"wine","link":"https:\/\/lescretes.it\/de\/weine\/weissweine\/chardonnay-cuvee-bois\/","title":{"rendered":"Chardonnay Cuv\u00e9e Bois\u00ae"},"content":{"rendered":"","protected":false},"excerpt":{"rendered":"","protected":false},"featured_media":1880,"template":"","meta":{"_acf_changed":true},"wine_type":[119],"class_list":["post-4934","wine","type-wine","status-publish","has-post-thumbnail","hentry","wine_type-weis"],"acf":[],"yoast_head":"<!-- This site is optimized with the Yoast SEO plugin v27.5 - https:\/\/yoast.com\/product\/yoast-seo-wordpress\/ -->\n<title>Chardonnay Cuv\u00e9e Bois Les Cr\u00eates | Wei\u00dfwein AOC<\/title>\n<meta name=\"description\" content=\"Entdecken Sie den Chardonnay Cuv\u00e9e Bois Les Cr\u00eates: ein eleganter und strukturierter AOC-Wei\u00dfwein, im Fass gereift, mit komplexen Noten und einem harmonischen Abgang.\" \/>\n<meta name=\"robots\" content=\"index, follow, max-snippet:-1, max-image-preview:large, max-video-preview:-1\" \/>\n<link rel=\"canonical\" href=\"https:\/\/lescretes.it\/de\/weine\/weissweine\/chardonnay-cuvee-bois\/\" \/>\n<meta property=\"og:locale\" content=\"de_DE\" \/>\n<meta property=\"og:type\" content=\"article\" \/>\n<meta property=\"og:title\" content=\"Chardonnay Cuv\u00e9e Bois Les Cr\u00eates | Wei\u00dfwein AOC\" \/>\n<meta property=\"og:description\" content=\"Entdecken Sie den Chardonnay Cuv\u00e9e Bois Les Cr\u00eates: ein eleganter und strukturierter AOC-Wei\u00dfwein, im Fass gereift, mit komplexen Noten und einem harmonischen Abgang.\" \/>\n<meta property=\"og:url\" content=\"https:\/\/lescretes.it\/de\/weine\/weissweine\/chardonnay-cuvee-bois\/\" \/>\n<meta property=\"og:site_name\" content=\"Les Cr\u00eates\" \/>\n<meta property=\"article:publisher\" content=\"https:\/\/www.facebook.com\/lescretes\" \/>\n<meta property=\"article:modified_time\" content=\"2026-03-06T16:23:43+00:00\" \/>\n<meta property=\"og:image\" content=\"https:\/\/lescretes.it\/wp-content\/uploads\/2025\/08\/wines-les-cretes.jpg\" \/>\n\t<meta property=\"og:image:width\" content=\"1200\" \/>\n\t<meta property=\"og:image:height\" content=\"664\" \/>\n\t<meta property=\"og:image:type\" content=\"image\/jpeg\" \/>\n<meta name=\"twitter:card\" content=\"summary_large_image\" \/>\n<meta name=\"twitter:label1\" content=\"Gesch\u00e4tzte Lesezeit\" \/>\n\t<meta name=\"twitter:data1\" content=\"6\u00a0Minute\" \/>\n<script type=\"application\/ld+json\" class=\"yoast-schema-graph\">{\"@context\":\"https:\\\/\\\/schema.org\",\"@graph\":[{\"@type\":\"WebPage\",\"@id\":\"https:\\\/\\\/lescretes.it\\\/de\\\/weine\\\/weissweine\\\/chardonnay-cuvee-bois\\\/\",\"url\":\"https:\\\/\\\/lescretes.it\\\/de\\\/weine\\\/weissweine\\\/chardonnay-cuvee-bois\\\/\",\"name\":\"Chardonnay Cuv\u00e9e Bois Les Cr\u00eates | Wei\u00dfwein AOC\",\"isPartOf\":{\"@id\":\"https:\\\/\\\/lescretes.it\\\/de\\\/#website\"},\"primaryImageOfPage\":{\"@id\":\"https:\\\/\\\/lescretes.it\\\/de\\\/weine\\\/weissweine\\\/chardonnay-cuvee-bois\\\/#primaryimage\"},\"image\":{\"@id\":\"https:\\\/\\\/lescretes.it\\\/de\\\/weine\\\/weissweine\\\/chardonnay-cuvee-bois\\\/#primaryimage\"},\"thumbnailUrl\":\"https:\\\/\\\/lescretes.it\\\/wp-content\\\/uploads\\\/2025\\\/06\\\/chardonnay_cb2.avif\",\"datePublished\":\"2025-06-17T13:02:49+00:00\",\"dateModified\":\"2026-03-06T16:23:43+00:00\",\"description\":\"Entdecken Sie den Chardonnay Cuv\u00e9e Bois Les Cr\u00eates: ein eleganter und strukturierter AOC-Wei\u00dfwein, im Fass gereift, mit komplexen Noten und einem harmonischen Abgang.\",\"breadcrumb\":{\"@id\":\"https:\\\/\\\/lescretes.it\\\/de\\\/weine\\\/weissweine\\\/chardonnay-cuvee-bois\\\/#breadcrumb\"},\"inLanguage\":\"de\",\"potentialAction\":[{\"@type\":\"ReadAction\",\"target\":[\"https:\\\/\\\/lescretes.it\\\/de\\\/weine\\\/weissweine\\\/chardonnay-cuvee-bois\\\/\"]}]},{\"@type\":\"ImageObject\",\"inLanguage\":\"de\",\"@id\":\"https:\\\/\\\/lescretes.it\\\/de\\\/weine\\\/weissweine\\\/chardonnay-cuvee-bois\\\/#primaryimage\",\"url\":\"https:\\\/\\\/lescretes.it\\\/wp-content\\\/uploads\\\/2025\\\/06\\\/chardonnay_cb2.avif\",\"contentUrl\":\"https:\\\/\\\/lescretes.it\\\/wp-content\\\/uploads\\\/2025\\\/06\\\/chardonnay_cb2.avif\",\"width\":744,\"height\":3013},{\"@type\":\"BreadcrumbList\",\"@id\":\"https:\\\/\\\/lescretes.it\\\/de\\\/weine\\\/weissweine\\\/chardonnay-cuvee-bois\\\/#breadcrumb\",\"itemListElement\":[{\"@type\":\"ListItem\",\"position\":1,\"name\":\"Startseite\",\"item\":\"https:\\\/\\\/lescretes.it\\\/de\\\/\"},{\"@type\":\"ListItem\",\"position\":2,\"name\":\"Chardonnay Cuv\u00e9e Bois\u00ae\"}]},{\"@type\":\"WebSite\",\"@id\":\"https:\\\/\\\/lescretes.it\\\/de\\\/#website\",\"url\":\"https:\\\/\\\/lescretes.it\\\/de\\\/\",\"name\":\"Les Cr\u00eates\",\"description\":\"\",\"publisher\":{\"@id\":\"https:\\\/\\\/lescretes.it\\\/de\\\/#organization\"},\"potentialAction\":[{\"@type\":\"SearchAction\",\"target\":{\"@type\":\"EntryPoint\",\"urlTemplate\":\"https:\\\/\\\/lescretes.it\\\/de\\\/?s={search_term_string}\"},\"query-input\":{\"@type\":\"PropertyValueSpecification\",\"valueRequired\":true,\"valueName\":\"search_term_string\"}}],\"inLanguage\":\"de\"},{\"@type\":\"Organization\",\"@id\":\"https:\\\/\\\/lescretes.it\\\/de\\\/#organization\",\"name\":\"Societa' Agricola Les Cretes Di Charrere E C. S.S.\",\"alternateName\":\"Les Cr\u00eates\",\"url\":\"https:\\\/\\\/lescretes.it\\\/de\\\/\",\"logo\":{\"@type\":\"ImageObject\",\"inLanguage\":\"de\",\"@id\":\"https:\\\/\\\/lescretes.it\\\/de\\\/#\\\/schema\\\/logo\\\/image\\\/\",\"url\":\"https:\\\/\\\/lescretes.it\\\/wp-content\\\/uploads\\\/2025\\\/08\\\/logo-les-cretes.png\",\"contentUrl\":\"https:\\\/\\\/lescretes.it\\\/wp-content\\\/uploads\\\/2025\\\/08\\\/logo-les-cretes.png\",\"width\":696,\"height\":696,\"caption\":\"Societa' Agricola Les Cretes Di Charrere E C. S.S.\"},\"image\":{\"@id\":\"https:\\\/\\\/lescretes.it\\\/de\\\/#\\\/schema\\\/logo\\\/image\\\/\"},\"sameAs\":[\"https:\\\/\\\/www.facebook.com\\\/lescretes\",\"https:\\\/\\\/www.instagram.com\\\/les.cretes\\\/\"]}]}<\/script>\n<!-- \/ Yoast SEO plugin. -->","yoast_head_json":{"title":"Chardonnay Cuv\u00e9e Bois Les Cr\u00eates | Wei\u00dfwein AOC","description":"Entdecken Sie den Chardonnay Cuv\u00e9e Bois Les Cr\u00eates: ein eleganter und strukturierter AOC-Wei\u00dfwein, im Fass gereift, mit komplexen Noten und einem harmonischen Abgang.","robots":{"index":"index","follow":"follow","max-snippet":"max-snippet:-1","max-image-preview":"max-image-preview:large","max-video-preview":"max-video-preview:-1"},"canonical":"https:\/\/lescretes.it\/de\/weine\/weissweine\/chardonnay-cuvee-bois\/","og_locale":"de_DE","og_type":"article","og_title":"Chardonnay Cuv\u00e9e Bois Les Cr\u00eates | Wei\u00dfwein AOC","og_description":"Entdecken Sie den Chardonnay Cuv\u00e9e Bois Les Cr\u00eates: ein eleganter und strukturierter AOC-Wei\u00dfwein, im Fass gereift, mit komplexen Noten und einem harmonischen Abgang.","og_url":"https:\/\/lescretes.it\/de\/weine\/weissweine\/chardonnay-cuvee-bois\/","og_site_name":"Les Cr\u00eates","article_publisher":"https:\/\/www.facebook.com\/lescretes","article_modified_time":"2026-03-06T16:23:43+00:00","og_image":[{"width":1200,"height":664,"url":"https:\/\/lescretes.it\/wp-content\/uploads\/2025\/08\/wines-les-cretes.jpg","type":"image\/jpeg"}],"twitter_card":"summary_large_image","twitter_misc":{"Gesch\u00e4tzte Lesezeit":"6\u00a0Minute"},"schema":{"@context":"https:\/\/schema.org","@graph":[{"@type":"WebPage","@id":"https:\/\/lescretes.it\/de\/weine\/weissweine\/chardonnay-cuvee-bois\/","url":"https:\/\/lescretes.it\/de\/weine\/weissweine\/chardonnay-cuvee-bois\/","name":"Chardonnay Cuv\u00e9e Bois Les Cr\u00eates | Wei\u00dfwein AOC","isPartOf":{"@id":"https:\/\/lescretes.it\/de\/#website"},"primaryImageOfPage":{"@id":"https:\/\/lescretes.it\/de\/weine\/weissweine\/chardonnay-cuvee-bois\/#primaryimage"},"image":{"@id":"https:\/\/lescretes.it\/de\/weine\/weissweine\/chardonnay-cuvee-bois\/#primaryimage"},"thumbnailUrl":"https:\/\/lescretes.it\/wp-content\/uploads\/2025\/06\/chardonnay_cb2.avif","datePublished":"2025-06-17T13:02:49+00:00","dateModified":"2026-03-06T16:23:43+00:00","description":"Entdecken Sie den Chardonnay Cuv\u00e9e Bois Les Cr\u00eates: ein eleganter und strukturierter AOC-Wei\u00dfwein, im Fass gereift, mit komplexen Noten und einem harmonischen Abgang.","breadcrumb":{"@id":"https:\/\/lescretes.it\/de\/weine\/weissweine\/chardonnay-cuvee-bois\/#breadcrumb"},"inLanguage":"de","potentialAction":[{"@type":"ReadAction","target":["https:\/\/lescretes.it\/de\/weine\/weissweine\/chardonnay-cuvee-bois\/"]}]},{"@type":"ImageObject","inLanguage":"de","@id":"https:\/\/lescretes.it\/de\/weine\/weissweine\/chardonnay-cuvee-bois\/#primaryimage","url":"https:\/\/lescretes.it\/wp-content\/uploads\/2025\/06\/chardonnay_cb2.avif","contentUrl":"https:\/\/lescretes.it\/wp-content\/uploads\/2025\/06\/chardonnay_cb2.avif","width":744,"height":3013},{"@type":"BreadcrumbList","@id":"https:\/\/lescretes.it\/de\/weine\/weissweine\/chardonnay-cuvee-bois\/#breadcrumb","itemListElement":[{"@type":"ListItem","position":1,"name":"Startseite","item":"https:\/\/lescretes.it\/de\/"},{"@type":"ListItem","position":2,"name":"Chardonnay Cuv\u00e9e Bois\u00ae"}]},{"@type":"WebSite","@id":"https:\/\/lescretes.it\/de\/#website","url":"https:\/\/lescretes.it\/de\/","name":"Les Cr\u00eates","description":"","publisher":{"@id":"https:\/\/lescretes.it\/de\/#organization"},"potentialAction":[{"@type":"SearchAction","target":{"@type":"EntryPoint","urlTemplate":"https:\/\/lescretes.it\/de\/?s={search_term_string}"},"query-input":{"@type":"PropertyValueSpecification","valueRequired":true,"valueName":"search_term_string"}}],"inLanguage":"de"},{"@type":"Organization","@id":"https:\/\/lescretes.it\/de\/#organization","name":"Societa' Agricola Les Cretes Di Charrere E C. S.S.","alternateName":"Les Cr\u00eates","url":"https:\/\/lescretes.it\/de\/","logo":{"@type":"ImageObject","inLanguage":"de","@id":"https:\/\/lescretes.it\/de\/#\/schema\/logo\/image\/","url":"https:\/\/lescretes.it\/wp-content\/uploads\/2025\/08\/logo-les-cretes.png","contentUrl":"https:\/\/lescretes.it\/wp-content\/uploads\/2025\/08\/logo-les-cretes.png","width":696,"height":696,"caption":"Societa' Agricola Les Cretes Di Charrere E C. S.S."},"image":{"@id":"https:\/\/lescretes.it\/de\/#\/schema\/logo\/image\/"},"sameAs":["https:\/\/www.facebook.com\/lescretes","https:\/\/www.instagram.com\/les.cretes\/"]}]}},"_links":{"self":[{"href":"https:\/\/lescretes.it\/de\/wp-json\/wp\/v2\/wine\/4934","targetHints":{"allow":["GET"]}}],"collection":[{"href":"https:\/\/lescretes.it\/de\/wp-json\/wp\/v2\/wine"}],"about":[{"href":"https:\/\/lescretes.it\/de\/wp-json\/wp\/v2\/types\/wine"}],"wp:featuredmedia":[{"embeddable":true,"href":"https:\/\/lescretes.it\/de\/wp-json\/wp\/v2\/media\/1880"}],"wp:attachment":[{"href":"https:\/\/lescretes.it\/de\/wp-json\/wp\/v2\/media?parent=4934"}],"wp:term":[{"taxonomy":"wine_type","embeddable":true,"href":"https:\/\/lescretes.it\/de\/wp-json\/wp\/v2\/wine_type?post=4934"}],"curies":[{"name":"wp","href":"https:\/\/api.w.org\/{rel}","templated":true}]}}

Chardonnay Cuvée Bois®

<!-- This site is optimized with the Yoast SEO plugin v27.5 - https://yoast.com/product/yoast-seo-wordpress/ -->
<title>Chardonnay Cuvée Bois Les Crêtes | Weißwein AOC</title>
<meta name="description" content="Entdecken Sie den Chardonnay Cuvée Bois Les Crêtes: ein eleganter und strukturierter AOC-Weißwein, im Fass gereift, mit komplexen Noten und einem harmonischen Abgang." />
<meta name="robots" content="index, follow, max-snippet:-1, max-image-preview:large, max-video-preview:-1" />
<link rel="canonical" href="https://lescretes.it/de/weine/weissweine/chardonnay-cuvee-bois/" />
<meta property="og:locale" content="de_DE" />
<meta property="og:type" content="article" />
<meta property="og:title" content="Chardonnay Cuvée Bois Les Crêtes | Weißwein AOC" />
<meta property="og:description" content="Entdecken Sie den Chardonnay Cuvée Bois Les Crêtes: ein eleganter und strukturierter AOC-Weißwein, im Fass gereift, mit komplexen Noten und einem harmonischen Abgang." />
<meta property="og:url" content="https://lescretes.it/de/weine/weissweine/chardonnay-cuvee-bois/" />
<meta property="og:site_name" content="Les Crêtes" />
<meta property="article:publisher" content="https://www.facebook.com/lescretes" />
<meta property="article:modified_time" content="2026-03-06T16:23:43+00:00" />
<meta property="og:image" content="https://lescretes.it/wp-content/uploads/2025/08/wines-les-cretes.jpg" />
	<meta property="og:image:width" content="1200" />
	<meta property="og:image:height" content="664" />
	<meta property="og:image:type" content="image/jpeg" />
<meta name="twitter:card" content="summary_large_image" />
<meta name="twitter:label1" content="Geschätzte Lesezeit" />
	<meta name="twitter:data1" content="6 Minute" />
<script type="application/ld+json" class="yoast-schema-graph">{"@context":"https:\/\/schema.org","@graph":[{"@type":"WebPage","@id":"https:\/\/lescretes.it\/de\/weine\/weissweine\/chardonnay-cuvee-bois\/","url":"https:\/\/lescretes.it\/de\/weine\/weissweine\/chardonnay-cuvee-bois\/","name":"Chardonnay Cuvée Bois Les Crêtes | Weißwein AOC","isPartOf":{"@id":"https:\/\/lescretes.it\/de\/#website"},"primaryImageOfPage":{"@id":"https:\/\/lescretes.it\/de\/weine\/weissweine\/chardonnay-cuvee-bois\/#primaryimage"},"image":{"@id":"https:\/\/lescretes.it\/de\/weine\/weissweine\/chardonnay-cuvee-bois\/#primaryimage"},"thumbnailUrl":"https:\/\/lescretes.it\/wp-content\/uploads\/2025\/06\/chardonnay_cb2.avif","datePublished":"2025-06-17T13:02:49+00:00","dateModified":"2026-03-06T16:23:43+00:00","description":"Entdecken Sie den Chardonnay Cuvée Bois Les Crêtes: ein eleganter und strukturierter AOC-Weißwein, im Fass gereift, mit komplexen Noten und einem harmonischen Abgang.","breadcrumb":{"@id":"https:\/\/lescretes.it\/de\/weine\/weissweine\/chardonnay-cuvee-bois\/#breadcrumb"},"inLanguage":"de","potentialAction":[{"@type":"ReadAction","target":["https:\/\/lescretes.it\/de\/weine\/weissweine\/chardonnay-cuvee-bois\/"]}]},{"@type":"ImageObject","inLanguage":"de","@id":"https:\/\/lescretes.it\/de\/weine\/weissweine\/chardonnay-cuvee-bois\/#primaryimage","url":"https:\/\/lescretes.it\/wp-content\/uploads\/2025\/06\/chardonnay_cb2.avif","contentUrl":"https:\/\/lescretes.it\/wp-content\/uploads\/2025\/06\/chardonnay_cb2.avif","width":744,"height":3013},{"@type":"BreadcrumbList","@id":"https:\/\/lescretes.it\/de\/weine\/weissweine\/chardonnay-cuvee-bois\/#breadcrumb","itemListElement":[{"@type":"ListItem","position":1,"name":"Startseite","item":"https:\/\/lescretes.it\/de\/"},{"@type":"ListItem","position":2,"name":"Chardonnay Cuvée Bois®"}]},{"@type":"WebSite","@id":"https:\/\/lescretes.it\/de\/#website","url":"https:\/\/lescretes.it\/de\/","name":"Les Crêtes","description":"","publisher":{"@id":"https:\/\/lescretes.it\/de\/#organization"},"potentialAction":[{"@type":"SearchAction","target":{"@type":"EntryPoint","urlTemplate":"https:\/\/lescretes.it\/de\/?s={search_term_string}"},"query-input":{"@type":"PropertyValueSpecification","valueRequired":true,"valueName":"search_term_string"}}],"inLanguage":"de"},{"@type":"Organization","@id":"https:\/\/lescretes.it\/de\/#organization","name":"Societa' Agricola Les Cretes Di Charrere E C. S.S.","alternateName":"Les Crêtes","url":"https:\/\/lescretes.it\/de\/","logo":{"@type":"ImageObject","inLanguage":"de","@id":"https:\/\/lescretes.it\/de\/#\/schema\/logo\/image\/","url":"https:\/\/lescretes.it\/wp-content\/uploads\/2025\/08\/logo-les-cretes.png","contentUrl":"https:\/\/lescretes.it\/wp-content\/uploads\/2025\/08\/logo-les-cretes.png","width":696,"height":696,"caption":"Societa' Agricola Les Cretes Di Charrere E C. S.S."},"image":{"@id":"https:\/\/lescretes.it\/de\/#\/schema\/logo\/image\/"},"sameAs":["https:\/\/www.facebook.com\/lescretes","https:\/\/www.instagram.com\/les.cretes\/"]}]}</script>
<!-- / Yoast SEO plugin. -->

Chardonnay Cuvée Bois Les Crêtes | Weißwein AOC

Entdecken Sie den Chardonnay Cuvée Bois Les Crêtes: ein eleganter und strukturierter AOC-Weißwein, im Fass gereift, mit komplexen Noten und einem harmonischen Abgang.

Les Crêtes
