{"id":3656,"date":"2025-07-21T15:18:55","date_gmt":"2025-07-21T13:18:55","guid":{"rendered":"https:\/\/lescretes.it\/die-familie-charrere\/"},"modified":"2025-07-21T15:18:55","modified_gmt":"2025-07-21T13:18:55","slug":"die-familie-charrere","status":"publish","type":"page","link":"https:\/\/lescretes.it\/de\/die-familie-charrere\/","title":{"rendered":"Die Familie Charr\u00e8re"},"content":{"rendered":"","protected":false},"excerpt":{"rendered":"","protected":false},"author":1,"featured_media":2784,"parent":0,"menu_order":0,"comment_status":"closed","ping_status":"closed","template":"templates\/family.php","meta":{"_acf_changed":false,"footnotes":""},"class_list":["post-3656","page","type-page","status-publish","has-post-thumbnail","hentry"],"acf":[],"yoast_head":"<!-- This site is optimized with the Yoast SEO plugin v27.4 - https:\/\/yoast.com\/product\/yoast-seo-wordpress\/ -->\n<title>Familie Charr\u00e8re | Les Cr\u00eates, Bergweine seit 1750<\/title>\n<meta name=\"description\" content=\"Die Geschichte von Les Cr\u00eates: von der Charr\u00e8re zum Qualit\u00e4tswein. Sechs Generationen von Leidenschaft und Innovation, die die Geschichte des Aostatals erz\u00e4hlen.\" \/>\n<meta name=\"robots\" content=\"index, follow, max-snippet:-1, max-image-preview:large, max-video-preview:-1\" \/>\n<link rel=\"canonical\" href=\"https:\/\/lescretes.it\/de\/die-familie-charrere\/\" \/>\n<meta property=\"og:locale\" content=\"de_DE\" \/>\n<meta property=\"og:type\" content=\"article\" \/>\n<meta property=\"og:title\" content=\"Familie Charr\u00e8re | Les Cr\u00eates, Bergweine seit 1750\" \/>\n<meta property=\"og:description\" content=\"Die Geschichte von Les Cr\u00eates: von der Charr\u00e8re zum Qualit\u00e4tswein. Sechs Generationen von Leidenschaft und Innovation, die die Geschichte des Aostatals erz\u00e4hlen.\" \/>\n<meta property=\"og:url\" content=\"https:\/\/lescretes.it\/de\/die-familie-charrere\/\" \/>\n<meta property=\"og:site_name\" content=\"Les Cr\u00eates\" \/>\n<meta property=\"article:publisher\" content=\"https:\/\/www.facebook.com\/lescretes\" \/>\n<meta property=\"og:image\" content=\"https:\/\/lescretes.it\/wp-content\/uploads\/2025\/08\/02.jpg\" \/>\n\t<meta property=\"og:image:width\" content=\"1131\" \/>\n\t<meta property=\"og:image:height\" content=\"975\" \/>\n\t<meta property=\"og:image:type\" content=\"image\/jpeg\" \/>\n<meta name=\"twitter:card\" content=\"summary_large_image\" \/>\n<script type=\"application\/ld+json\" class=\"yoast-schema-graph\">{\"@context\":\"https:\\\/\\\/schema.org\",\"@graph\":[{\"@type\":\"WebPage\",\"@id\":\"https:\\\/\\\/lescretes.it\\\/de\\\/die-familie-charrere\\\/\",\"url\":\"https:\\\/\\\/lescretes.it\\\/de\\\/die-familie-charrere\\\/\",\"name\":\"Familie Charr\u00e8re | Les Cr\u00eates, Bergweine seit 1750\",\"isPartOf\":{\"@id\":\"https:\\\/\\\/lescretes.it\\\/de\\\/#website\"},\"primaryImageOfPage\":{\"@id\":\"https:\\\/\\\/lescretes.it\\\/de\\\/die-familie-charrere\\\/#primaryimage\"},\"image\":{\"@id\":\"https:\\\/\\\/lescretes.it\\\/de\\\/die-familie-charrere\\\/#primaryimage\"},\"thumbnailUrl\":\"https:\\\/\\\/lescretes.it\\\/wp-content\\\/uploads\\\/2025\\\/08\\\/02.jpg\",\"datePublished\":\"2025-07-21T13:18:55+00:00\",\"description\":\"Die Geschichte von Les Cr\u00eates: von der Charr\u00e8re zum Qualit\u00e4tswein. Sechs Generationen von Leidenschaft und Innovation, die die Geschichte des Aostatals erz\u00e4hlen.\",\"breadcrumb\":{\"@id\":\"https:\\\/\\\/lescretes.it\\\/de\\\/die-familie-charrere\\\/#breadcrumb\"},\"inLanguage\":\"de\",\"potentialAction\":[{\"@type\":\"ReadAction\",\"target\":[\"https:\\\/\\\/lescretes.it\\\/de\\\/die-familie-charrere\\\/\"]}]},{\"@type\":\"ImageObject\",\"inLanguage\":\"de\",\"@id\":\"https:\\\/\\\/lescretes.it\\\/de\\\/die-familie-charrere\\\/#primaryimage\",\"url\":\"https:\\\/\\\/lescretes.it\\\/wp-content\\\/uploads\\\/2025\\\/08\\\/02.jpg\",\"contentUrl\":\"https:\\\/\\\/lescretes.it\\\/wp-content\\\/uploads\\\/2025\\\/08\\\/02.jpg\",\"width\":1131,\"height\":975},{\"@type\":\"BreadcrumbList\",\"@id\":\"https:\\\/\\\/lescretes.it\\\/de\\\/die-familie-charrere\\\/#breadcrumb\",\"itemListElement\":[{\"@type\":\"ListItem\",\"position\":1,\"name\":\"Startseite\",\"item\":\"https:\\\/\\\/lescretes.it\\\/de\\\/\"},{\"@type\":\"ListItem\",\"position\":2,\"name\":\"Die Familie Charr\u00e8re\"}]},{\"@type\":\"WebSite\",\"@id\":\"https:\\\/\\\/lescretes.it\\\/de\\\/#website\",\"url\":\"https:\\\/\\\/lescretes.it\\\/de\\\/\",\"name\":\"Les Cr\u00eates\",\"description\":\"\",\"publisher\":{\"@id\":\"https:\\\/\\\/lescretes.it\\\/de\\\/#organization\"},\"potentialAction\":[{\"@type\":\"SearchAction\",\"target\":{\"@type\":\"EntryPoint\",\"urlTemplate\":\"https:\\\/\\\/lescretes.it\\\/de\\\/?s={search_term_string}\"},\"query-input\":{\"@type\":\"PropertyValueSpecification\",\"valueRequired\":true,\"valueName\":\"search_term_string\"}}],\"inLanguage\":\"de\"},{\"@type\":\"Organization\",\"@id\":\"https:\\\/\\\/lescretes.it\\\/de\\\/#organization\",\"name\":\"Societa' Agricola Les Cretes Di Charrere E C. S.S.\",\"alternateName\":\"Les Cr\u00eates\",\"url\":\"https:\\\/\\\/lescretes.it\\\/de\\\/\",\"logo\":{\"@type\":\"ImageObject\",\"inLanguage\":\"de\",\"@id\":\"https:\\\/\\\/lescretes.it\\\/de\\\/#\\\/schema\\\/logo\\\/image\\\/\",\"url\":\"https:\\\/\\\/lescretes.it\\\/wp-content\\\/uploads\\\/2025\\\/08\\\/logo-les-cretes.png\",\"contentUrl\":\"https:\\\/\\\/lescretes.it\\\/wp-content\\\/uploads\\\/2025\\\/08\\\/logo-les-cretes.png\",\"width\":696,\"height\":696,\"caption\":\"Societa' Agricola Les Cretes Di Charrere E C. S.S.\"},\"image\":{\"@id\":\"https:\\\/\\\/lescretes.it\\\/de\\\/#\\\/schema\\\/logo\\\/image\\\/\"},\"sameAs\":[\"https:\\\/\\\/www.facebook.com\\\/lescretes\",\"https:\\\/\\\/www.instagram.com\\\/les.cretes\\\/\"]}]}<\/script>\n<!-- \/ Yoast SEO plugin. -->","yoast_head_json":{"title":"Familie Charr\u00e8re | Les Cr\u00eates, Bergweine seit 1750","description":"Die Geschichte von Les Cr\u00eates: von der Charr\u00e8re zum Qualit\u00e4tswein. Sechs Generationen von Leidenschaft und Innovation, die die Geschichte des Aostatals erz\u00e4hlen.","robots":{"index":"index","follow":"follow","max-snippet":"max-snippet:-1","max-image-preview":"max-image-preview:large","max-video-preview":"max-video-preview:-1"},"canonical":"https:\/\/lescretes.it\/de\/die-familie-charrere\/","og_locale":"de_DE","og_type":"article","og_title":"Familie Charr\u00e8re | Les Cr\u00eates, Bergweine seit 1750","og_description":"Die Geschichte von Les Cr\u00eates: von der Charr\u00e8re zum Qualit\u00e4tswein. Sechs Generationen von Leidenschaft und Innovation, die die Geschichte des Aostatals erz\u00e4hlen.","og_url":"https:\/\/lescretes.it\/de\/die-familie-charrere\/","og_site_name":"Les Cr\u00eates","article_publisher":"https:\/\/www.facebook.com\/lescretes","og_image":[{"width":1131,"height":975,"url":"https:\/\/lescretes.it\/wp-content\/uploads\/2025\/08\/02.jpg","type":"image\/jpeg"}],"twitter_card":"summary_large_image","schema":{"@context":"https:\/\/schema.org","@graph":[{"@type":"WebPage","@id":"https:\/\/lescretes.it\/de\/die-familie-charrere\/","url":"https:\/\/lescretes.it\/de\/die-familie-charrere\/","name":"Familie Charr\u00e8re | Les Cr\u00eates, Bergweine seit 1750","isPartOf":{"@id":"https:\/\/lescretes.it\/de\/#website"},"primaryImageOfPage":{"@id":"https:\/\/lescretes.it\/de\/die-familie-charrere\/#primaryimage"},"image":{"@id":"https:\/\/lescretes.it\/de\/die-familie-charrere\/#primaryimage"},"thumbnailUrl":"https:\/\/lescretes.it\/wp-content\/uploads\/2025\/08\/02.jpg","datePublished":"2025-07-21T13:18:55+00:00","description":"Die Geschichte von Les Cr\u00eates: von der Charr\u00e8re zum Qualit\u00e4tswein. Sechs Generationen von Leidenschaft und Innovation, die die Geschichte des Aostatals erz\u00e4hlen.","breadcrumb":{"@id":"https:\/\/lescretes.it\/de\/die-familie-charrere\/#breadcrumb"},"inLanguage":"de","potentialAction":[{"@type":"ReadAction","target":["https:\/\/lescretes.it\/de\/die-familie-charrere\/"]}]},{"@type":"ImageObject","inLanguage":"de","@id":"https:\/\/lescretes.it\/de\/die-familie-charrere\/#primaryimage","url":"https:\/\/lescretes.it\/wp-content\/uploads\/2025\/08\/02.jpg","contentUrl":"https:\/\/lescretes.it\/wp-content\/uploads\/2025\/08\/02.jpg","width":1131,"height":975},{"@type":"BreadcrumbList","@id":"https:\/\/lescretes.it\/de\/die-familie-charrere\/#breadcrumb","itemListElement":[{"@type":"ListItem","position":1,"name":"Startseite","item":"https:\/\/lescretes.it\/de\/"},{"@type":"ListItem","position":2,"name":"Die Familie Charr\u00e8re"}]},{"@type":"WebSite","@id":"https:\/\/lescretes.it\/de\/#website","url":"https:\/\/lescretes.it\/de\/","name":"Les Cr\u00eates","description":"","publisher":{"@id":"https:\/\/lescretes.it\/de\/#organization"},"potentialAction":[{"@type":"SearchAction","target":{"@type":"EntryPoint","urlTemplate":"https:\/\/lescretes.it\/de\/?s={search_term_string}"},"query-input":{"@type":"PropertyValueSpecification","valueRequired":true,"valueName":"search_term_string"}}],"inLanguage":"de"},{"@type":"Organization","@id":"https:\/\/lescretes.it\/de\/#organization","name":"Societa' Agricola Les Cretes Di Charrere E C. S.S.","alternateName":"Les Cr\u00eates","url":"https:\/\/lescretes.it\/de\/","logo":{"@type":"ImageObject","inLanguage":"de","@id":"https:\/\/lescretes.it\/de\/#\/schema\/logo\/image\/","url":"https:\/\/lescretes.it\/wp-content\/uploads\/2025\/08\/logo-les-cretes.png","contentUrl":"https:\/\/lescretes.it\/wp-content\/uploads\/2025\/08\/logo-les-cretes.png","width":696,"height":696,"caption":"Societa' Agricola Les Cretes Di Charrere E C. S.S."},"image":{"@id":"https:\/\/lescretes.it\/de\/#\/schema\/logo\/image\/"},"sameAs":["https:\/\/www.facebook.com\/lescretes","https:\/\/www.instagram.com\/les.cretes\/"]}]}},"_links":{"self":[{"href":"https:\/\/lescretes.it\/de\/wp-json\/wp\/v2\/pages\/3656","targetHints":{"allow":["GET"]}}],"collection":[{"href":"https:\/\/lescretes.it\/de\/wp-json\/wp\/v2\/pages"}],"about":[{"href":"https:\/\/lescretes.it\/de\/wp-json\/wp\/v2\/types\/page"}],"author":[{"embeddable":true,"href":"https:\/\/lescretes.it\/de\/wp-json\/wp\/v2\/users\/1"}],"replies":[{"embeddable":true,"href":"https:\/\/lescretes.it\/de\/wp-json\/wp\/v2\/comments?post=3656"}],"version-history":[{"count":0,"href":"https:\/\/lescretes.it\/de\/wp-json\/wp\/v2\/pages\/3656\/revisions"}],"wp:featuredmedia":[{"embeddable":true,"href":"https:\/\/lescretes.it\/de\/wp-json\/wp\/v2\/media\/2784"}],"wp:attachment":[{"href":"https:\/\/lescretes.it\/de\/wp-json\/wp\/v2\/media?parent=3656"}],"curies":[{"name":"wp","href":"https:\/\/api.w.org\/{rel}","templated":true}]}}

Die Familie Charrère

<!-- This site is optimized with the Yoast SEO plugin v27.4 - https://yoast.com/product/yoast-seo-wordpress/ -->
<title>Familie Charrère | Les Crêtes, Bergweine seit 1750</title>
<meta name="description" content="Die Geschichte von Les Crêtes: von der Charrère zum Qualitätswein. Sechs Generationen von Leidenschaft und Innovation, die die Geschichte des Aostatals erzählen." />
<meta name="robots" content="index, follow, max-snippet:-1, max-image-preview:large, max-video-preview:-1" />
<link rel="canonical" href="https://lescretes.it/de/die-familie-charrere/" />
<meta property="og:locale" content="de_DE" />
<meta property="og:type" content="article" />
<meta property="og:title" content="Familie Charrère | Les Crêtes, Bergweine seit 1750" />
<meta property="og:description" content="Die Geschichte von Les Crêtes: von der Charrère zum Qualitätswein. Sechs Generationen von Leidenschaft und Innovation, die die Geschichte des Aostatals erzählen." />
<meta property="og:url" content="https://lescretes.it/de/die-familie-charrere/" />
<meta property="og:site_name" content="Les Crêtes" />
<meta property="article:publisher" content="https://www.facebook.com/lescretes" />
<meta property="og:image" content="https://lescretes.it/wp-content/uploads/2025/08/02.jpg" />
	<meta property="og:image:width" content="1131" />
	<meta property="og:image:height" content="975" />
	<meta property="og:image:type" content="image/jpeg" />
<meta name="twitter:card" content="summary_large_image" />
<script type="application/ld+json" class="yoast-schema-graph">{"@context":"https:\/\/schema.org","@graph":[{"@type":"WebPage","@id":"https:\/\/lescretes.it\/de\/die-familie-charrere\/","url":"https:\/\/lescretes.it\/de\/die-familie-charrere\/","name":"Familie Charrère | Les Crêtes, Bergweine seit 1750","isPartOf":{"@id":"https:\/\/lescretes.it\/de\/#website"},"primaryImageOfPage":{"@id":"https:\/\/lescretes.it\/de\/die-familie-charrere\/#primaryimage"},"image":{"@id":"https:\/\/lescretes.it\/de\/die-familie-charrere\/#primaryimage"},"thumbnailUrl":"https:\/\/lescretes.it\/wp-content\/uploads\/2025\/08\/02.jpg","datePublished":"2025-07-21T13:18:55+00:00","description":"Die Geschichte von Les Crêtes: von der Charrère zum Qualitätswein. Sechs Generationen von Leidenschaft und Innovation, die die Geschichte des Aostatals erzählen.","breadcrumb":{"@id":"https:\/\/lescretes.it\/de\/die-familie-charrere\/#breadcrumb"},"inLanguage":"de","potentialAction":[{"@type":"ReadAction","target":["https:\/\/lescretes.it\/de\/die-familie-charrere\/"]}]},{"@type":"ImageObject","inLanguage":"de","@id":"https:\/\/lescretes.it\/de\/die-familie-charrere\/#primaryimage","url":"https:\/\/lescretes.it\/wp-content\/uploads\/2025\/08\/02.jpg","contentUrl":"https:\/\/lescretes.it\/wp-content\/uploads\/2025\/08\/02.jpg","width":1131,"height":975},{"@type":"BreadcrumbList","@id":"https:\/\/lescretes.it\/de\/die-familie-charrere\/#breadcrumb","itemListElement":[{"@type":"ListItem","position":1,"name":"Startseite","item":"https:\/\/lescretes.it\/de\/"},{"@type":"ListItem","position":2,"name":"Die Familie Charrère"}]},{"@type":"WebSite","@id":"https:\/\/lescretes.it\/de\/#website","url":"https:\/\/lescretes.it\/de\/","name":"Les Crêtes","description":"","publisher":{"@id":"https:\/\/lescretes.it\/de\/#organization"},"potentialAction":[{"@type":"SearchAction","target":{"@type":"EntryPoint","urlTemplate":"https:\/\/lescretes.it\/de\/?s={search_term_string}"},"query-input":{"@type":"PropertyValueSpecification","valueRequired":true,"valueName":"search_term_string"}}],"inLanguage":"de"},{"@type":"Organization","@id":"https:\/\/lescretes.it\/de\/#organization","name":"Societa' Agricola Les Cretes Di Charrere E C. S.S.","alternateName":"Les Crêtes","url":"https:\/\/lescretes.it\/de\/","logo":{"@type":"ImageObject","inLanguage":"de","@id":"https:\/\/lescretes.it\/de\/#\/schema\/logo\/image\/","url":"https:\/\/lescretes.it\/wp-content\/uploads\/2025\/08\/logo-les-cretes.png","contentUrl":"https:\/\/lescretes.it\/wp-content\/uploads\/2025\/08\/logo-les-cretes.png","width":696,"height":696,"caption":"Societa' Agricola Les Cretes Di Charrere E C. S.S."},"image":{"@id":"https:\/\/lescretes.it\/de\/#\/schema\/logo\/image\/"},"sameAs":["https:\/\/www.facebook.com\/lescretes","https:\/\/www.instagram.com\/les.cretes\/"]}]}</script>
<!-- / Yoast SEO plugin. -->

Familie Charrère | Les Crêtes, Bergweine seit 1750

Die Geschichte von Les Crêtes: von der Charrère zum Qualitätswein. Sechs Generationen von Leidenschaft und Innovation, die die Geschichte des Aostatals erzählen.

Les Crêtes
